{"id":11267,"date":"2025-09-19T17:29:04","date_gmt":"2025-09-19T11:59:04","guid":{"rendered":"https:\/\/anveshantech.in\/gteice\/?page_id=11267"},"modified":"2025-09-20T16:49:08","modified_gmt":"2025-09-20T11:19:08","slug":"tuff-iceland","status":"publish","type":"page","link":"https:\/\/anveshantech.in\/gteice\/tuff-iceland\/","title":{"rendered":"TUFF Iceland"},"content":{"rendered":"\t\t<div data-elementor-type=\"wp-page\" data-elementor-id=\"11267\" class=\"elementor elementor-11267\">\n\t\t\t\t\t\t<section class=\"elementor-section elementor-top-section elementor-element elementor-element-d8a9db2 elementor-section-full_width elementor-section-stretched elementor-section-height-default elementor-section-height-default\" data-id=\"d8a9db2\" data-element_type=\"section\" data-settings=\"{&quot;stretch_section&quot;:&quot;section-stretched&quot;}\">\n\t\t\t\t\t\t<div class=\"elementor-container elementor-column-gap-no\">\n\t\t\t\t\t<div class=\"elementor-column elementor-col-100 elementor-top-column elementor-element elementor-element-cbf0510\" data-id=\"cbf0510\" data-element_type=\"column\">\n\t\t\t<div class=\"elementor-widget-wrap elementor-element-populated\">\n\t\t\t\t\t\t<div class=\"elementor-element elementor-element-eb30aa2 elementor-widget elementor-widget-image\" data-id=\"eb30aa2\" data-element_type=\"widget\" data-widget_type=\"image.default\">\n\t\t\t\t<div class=\"elementor-widget-container\">\n\t\t\t\t\t\t\t\t\t\t\t\t\t\t\t<img fetchpriority=\"high\" decoding=\"async\" width=\"1920\" height=\"768\" src=\"https:\/\/anveshantech.in\/gteice\/wp-content\/uploads\/2025\/09\/TUFF-iceland-banner.jpg\" class=\"attachment-full size-full wp-image-11784\" alt=\"\" srcset=\"https:\/\/anveshantech.in\/gteice\/wp-content\/uploads\/2025\/09\/TUFF-iceland-banner.jpg 1920w, https:\/\/anveshantech.in\/gteice\/wp-content\/uploads\/2025\/09\/TUFF-iceland-banner-300x120.jpg 300w, https:\/\/anveshantech.in\/gteice\/wp-content\/uploads\/2025\/09\/TUFF-iceland-banner-1024x410.jpg 1024w, https:\/\/anveshantech.in\/gteice\/wp-content\/uploads\/2025\/09\/TUFF-iceland-banner-768x307.jpg 768w, https:\/\/anveshantech.in\/gteice\/wp-content\/uploads\/2025\/09\/TUFF-iceland-banner-1536x614.jpg 1536w\" sizes=\"(max-width: 1920px) 100vw, 1920px\" \/>\t\t\t\t\t\t\t\t\t\t\t\t\t\t\t<\/div>\n\t\t\t\t<\/div>\n\t\t\t\t\t<\/div>\n\t\t<\/div>\n\t\t\t\t\t<\/div>\n\t\t<\/section>\n\t\t\t\t<section class=\"elementor-section elementor-top-section elementor-element elementor-element-57e57ed elementor-section-boxed elementor-section-height-default elementor-section-height-default\" data-id=\"57e57ed\" data-element_type=\"section\">\n\t\t\t\t\t\t<div class=\"elementor-container elementor-column-gap-default\">\n\t\t\t\t\t<div class=\"elementor-column elementor-col-33 elementor-top-column elementor-element elementor-element-52faeb9\" data-id=\"52faeb9\" data-element_type=\"column\">\n\t\t\t<div class=\"elementor-widget-wrap\">\n\t\t\t\t\t\t\t<\/div>\n\t\t<\/div>\n\t\t\t\t<div class=\"elementor-column elementor-col-66 elementor-top-column elementor-element elementor-element-7a8eacf\" data-id=\"7a8eacf\" data-element_type=\"column\">\n\t\t\t<div class=\"elementor-widget-wrap elementor-element-populated\">\n\t\t\t\t\t\t<div class=\"elementor-element elementor-element-913bfb7 elementor-widget elementor-widget-heading\" data-id=\"913bfb7\" data-element_type=\"widget\" data-widget_type=\"heading.default\">\n\t\t\t\t<div class=\"elementor-widget-container\">\n\t\t\t\t\t<h2 class=\"elementor-heading-title elementor-size-default\">TUFF Iceland\n<\/h2>\t\t\t\t<\/div>\n\t\t\t\t<\/div>\n\t\t\t\t<div class=\"elementor-element elementor-element-c198708 elementor-widget elementor-widget-heading\" data-id=\"c198708\" data-element_type=\"widget\" data-widget_type=\"heading.default\">\n\t\t\t\t<div class=\"elementor-widget-container\">\n\t\t\t\t\t<h2 class=\"elementor-heading-title elementor-size-default\">Equal Opportunities For All Children\n<\/h2>\t\t\t\t<\/div>\n\t\t\t\t<\/div>\n\t\t\t\t<div class=\"elementor-element elementor-element-52a5865 elementor-widget elementor-widget-image\" data-id=\"52a5865\" data-element_type=\"widget\" data-widget_type=\"image.default\">\n\t\t\t\t<div class=\"elementor-widget-container\">\n\t\t\t\t\t\t\t\t\t\t\t\t\t\t\t<img decoding=\"async\" width=\"1024\" height=\"505\" src=\"https:\/\/anveshantech.in\/gteice\/wp-content\/uploads\/2025\/09\/tuff-iceland-img-1024x505.jpg\" class=\"attachment-large size-large wp-image-11564\" alt=\"\" srcset=\"https:\/\/anveshantech.in\/gteice\/wp-content\/uploads\/2025\/09\/tuff-iceland-img-1024x505.jpg 1024w, https:\/\/anveshantech.in\/gteice\/wp-content\/uploads\/2025\/09\/tuff-iceland-img-300x148.jpg 300w, https:\/\/anveshantech.in\/gteice\/wp-content\/uploads\/2025\/09\/tuff-iceland-img-768x379.jpg 768w, https:\/\/anveshantech.in\/gteice\/wp-content\/uploads\/2025\/09\/tuff-iceland-img.jpg 1054w\" sizes=\"(max-width: 1024px) 100vw, 1024px\" \/>\t\t\t\t\t\t\t\t\t\t\t\t\t\t\t<\/div>\n\t\t\t\t<\/div>\n\t\t\t\t<div class=\"elementor-element elementor-element-6c18b69 elementor-widget elementor-widget-heading\" data-id=\"6c18b69\" data-element_type=\"widget\" data-widget_type=\"heading.default\">\n\t\t\t\t<div class=\"elementor-widget-container\">\n\t\t\t\t\t<h2 class=\"elementor-heading-title elementor-size-default\">Introduction<\/h2>\t\t\t\t<\/div>\n\t\t\t\t<\/div>\n\t\t\t\t<section class=\"elementor-section elementor-inner-section elementor-element elementor-element-ed6d365 elementor-section-boxed elementor-section-height-default elementor-section-height-default\" data-id=\"ed6d365\" data-element_type=\"section\">\n\t\t\t\t\t\t<div class=\"elementor-container elementor-column-gap-default\">\n\t\t\t\t\t<div class=\"elementor-column elementor-col-25 elementor-inner-column elementor-element elementor-element-5e9d14e\" data-id=\"5e9d14e\" data-element_type=\"column\" data-settings=\"{&quot;background_background&quot;:&quot;classic&quot;}\">\n\t\t\t<div class=\"elementor-widget-wrap elementor-element-populated\">\n\t\t\t\t\t\t<div class=\"elementor-element elementor-element-3f9b571 elementor-widget elementor-widget-spacer\" data-id=\"3f9b571\" data-element_type=\"widget\" data-widget_type=\"spacer.default\">\n\t\t\t\t<div class=\"elementor-widget-container\">\n\t\t\t\t\t\t\t<div class=\"elementor-spacer\">\n\t\t\t<div class=\"elementor-spacer-inner\"><\/div>\n\t\t<\/div>\n\t\t\t\t\t\t<\/div>\n\t\t\t\t<\/div>\n\t\t\t\t\t<\/div>\n\t\t<\/div>\n\t\t\t\t<div class=\"elementor-column elementor-col-25 elementor-inner-column elementor-element elementor-element-add9ed9\" data-id=\"add9ed9\" data-element_type=\"column\" data-settings=\"{&quot;background_background&quot;:&quot;classic&quot;}\">\n\t\t\t<div class=\"elementor-widget-wrap elementor-element-populated\">\n\t\t\t\t\t\t<div class=\"elementor-element elementor-element-b519de4 elementor-widget elementor-widget-spacer\" data-id=\"b519de4\" data-element_type=\"widget\" data-widget_type=\"spacer.default\">\n\t\t\t\t<div class=\"elementor-widget-container\">\n\t\t\t\t\t\t\t<div class=\"elementor-spacer\">\n\t\t\t<div class=\"elementor-spacer-inner\"><\/div>\n\t\t<\/div>\n\t\t\t\t\t\t<\/div>\n\t\t\t\t<\/div>\n\t\t\t\t\t<\/div>\n\t\t<\/div>\n\t\t\t\t<div class=\"elementor-column elementor-col-25 elementor-inner-column elementor-element elementor-element-ed4391e\" data-id=\"ed4391e\" data-element_type=\"column\" data-settings=\"{&quot;background_background&quot;:&quot;classic&quot;}\">\n\t\t\t<div class=\"elementor-widget-wrap elementor-element-populated\">\n\t\t\t\t\t\t<div class=\"elementor-element elementor-element-3f46fec elementor-widget elementor-widget-spacer\" data-id=\"3f46fec\" data-element_type=\"widget\" data-widget_type=\"spacer.default\">\n\t\t\t\t<div class=\"elementor-widget-container\">\n\t\t\t\t\t\t\t<div class=\"elementor-spacer\">\n\t\t\t<div class=\"elementor-spacer-inner\"><\/div>\n\t\t<\/div>\n\t\t\t\t\t\t<\/div>\n\t\t\t\t<\/div>\n\t\t\t\t\t<\/div>\n\t\t<\/div>\n\t\t\t\t<div class=\"elementor-column elementor-col-25 elementor-inner-column elementor-element elementor-element-a11620e\" data-id=\"a11620e\" data-element_type=\"column\" data-settings=\"{&quot;background_background&quot;:&quot;classic&quot;}\">\n\t\t\t<div class=\"elementor-widget-wrap elementor-element-populated\">\n\t\t\t\t\t\t<div class=\"elementor-element elementor-element-dfa7648 elementor-widget elementor-widget-spacer\" data-id=\"dfa7648\" data-element_type=\"widget\" data-widget_type=\"spacer.default\">\n\t\t\t\t<div class=\"elementor-widget-container\">\n\t\t\t\t\t\t\t<div class=\"elementor-spacer\">\n\t\t\t<div class=\"elementor-spacer-inner\"><\/div>\n\t\t<\/div>\n\t\t\t\t\t\t<\/div>\n\t\t\t\t<\/div>\n\t\t\t\t\t<\/div>\n\t\t<\/div>\n\t\t\t\t\t<\/div>\n\t\t<\/section>\n\t\t\t\t<div class=\"elementor-element elementor-element-74908ff elementor-widget elementor-widget-text-editor\" data-id=\"74908ff\" data-element_type=\"widget\" data-widget_type=\"text-editor.default\">\n\t\t\t\t<div class=\"elementor-widget-container\">\n\t\t\t\t\t\t\t\t\t<p>The President of Iceland, Gu\u00f0ni Th. J\u00f3hannesson with TUFF Iceland founders-Hrund Hafsteinsdottir &amp; Dr.Shamender Talwar, playing with TUFF Iceland children at Bessasta\u00f0ir (President House) in September.<\/p><p>Equal opportunities are the key words for TUFF Iceland. TUFF Iceland is working for all children, but special emphasis is placed on helping children who, due to social or economic circumstances, do not have the opportunity to participate in sports or leisure. Special emphasize has been put on making sure that children of foreign origin have equal access to sports and leisure.<\/p><p>The project started as an experimental project in Brei\u00f0holt (in Reykjavik) and is now also working in K\u00f3pavogur, starting a project in other parts of Reykjavik and aiming for the next stop to be Akureyri (a city in the north of Iceland).<\/p><p>The Unity of Faiths Foundation ( TUFF ) was founded in the UK in 2011. Hrund Hafsteinsd\u00f3ttir, Minister Counsellor at the Foreign Ministry, first heard of the project in a lecture by Dr. Shamender Talwar a social psychologist in London. She requested TUFF to come to Iceland. In addition to the team, Fri\u00f0j\u00f3n Fri\u00f0j\u00f3nsson, Managing Director of KOM Consultants, are in charge of TUFF Iceland. Gudni Th. J\u00f3hannesson, President of Iceland, and Pope Francis are TUFF\u2019s patrons. Former US President Barack Obama also formally declared support to the organization.<\/p>\t\t\t\t\t\t\t\t<\/div>\n\t\t\t\t<\/div>\n\t\t\t\t\t<\/div>\n\t\t<\/div>\n\t\t\t\t\t<\/div>\n\t\t<\/section>\n\t\t\t\t<\/div>\n\t\t","protected":false},"excerpt":{"rendered":"<p>TUFF Iceland Equal Opportunities For All Children Introduction The President of Iceland, Gu\u00f0ni Th. J\u00f3hannesson with TUFF Iceland founders-Hrund Hafsteinsdottir &amp; Dr.Shamender Talwar, playing with TUFF Iceland children at Bessasta\u00f0ir (President House) in September. Equal opportunities are the key words for TUFF Iceland. TUFF Iceland is working for all children, but special emphasis is placed [&hellip;]<\/p>\n","protected":false},"author":1,"featured_media":0,"parent":0,"menu_order":0,"comment_status":"closed","ping_status":"closed","template":"elementor_header_footer","meta":{"footnotes":""},"class_list":["post-11267","page","type-page","status-publish","hentry","entry"],"_links":{"self":[{"href":"https:\/\/anveshantech.in\/gteice\/wp-json\/wp\/v2\/pages\/11267","targetHints":{"allow":["GET"]}}],"collection":[{"href":"https:\/\/anveshantech.in\/gteice\/wp-json\/wp\/v2\/pages"}],"about":[{"href":"https:\/\/anveshantech.in\/gteice\/wp-json\/wp\/v2\/types\/page"}],"author":[{"embeddable":true,"href":"https:\/\/anveshantech.in\/gteice\/wp-json\/wp\/v2\/users\/1"}],"replies":[{"embeddable":true,"href":"https:\/\/anveshantech.in\/gteice\/wp-json\/wp\/v2\/comments?post=11267"}],"version-history":[{"count":10,"href":"https:\/\/anveshantech.in\/gteice\/wp-json\/wp\/v2\/pages\/11267\/revisions"}],"predecessor-version":[{"id":11787,"href":"https:\/\/anveshantech.in\/gteice\/wp-json\/wp\/v2\/pages\/11267\/revisions\/11787"}],"wp:attachment":[{"href":"https:\/\/anveshantech.in\/gteice\/wp-json\/wp\/v2\/media?parent=11267"}],"curies":[{"name":"wp","href":"https:\/\/api.w.org\/{rel}","templated":true}]}}